w(4)?
2
Let l(x) = -x**3. Let v(n) = -3*n**3 - 3*n**2 - 2. Let p(r) = 2*l(r) - v(r). Let d be p(-3). Suppose 0*f = -d*f + 4. What is the units digit of f?
2
Let h(n) be the second derivative of 0 - 1/2*n**2 + 5/6*n**3 - 2*n. What is the units digit of h(2)?
9
Suppose -4*d = -2*o - 12, 3*o - 4*o - 12 = -5*d. Let t(x) = 3*x**3 - x**2 - 3*x + 3. What is the units digit of t(d)?
7
Let x(h) = -h**2 + h + 20. Let c be x(0). Let o = 1 + c. What is the tens digit of o?
2
Let o = -8 - -16. Let c(z) = z**2 - 5*z - 2. Let v be c(o). Suppose 9 = -i - 3*m, -3*i + 2*m + v = -i. What is the units digit of i?
6
Suppose 0*y = -3*y - 6. What is the tens digit of ((-1)/(-2))/(y/(-192))?
4
Suppose 0*h - 64 = -h. Suppose -3*g = g - h. What is the tens digit of g?
1
Let n(u) = u**3 + u**2 - 2*u. Let r be n(-2). Suppose 0 = -4*j - 3 + 43. Let m = r + j. What is the tens digit of m?
1
Suppose 4*b - 4*i = 68, 2*b = -b + 2*i + 52. Suppose -a = -b + 5. What is the tens digit of a?
1
Let v be ((-18)/(-15))/((-4)/(-10)). Suppose -4 = -j - v. What is the units digit of j?
1
What is the units digit of ((-2)/2)/(1/(-6))?
6
Let g(j) = -7*j**2 - 6*j - 3*j**3 - 2*j + 2*j**3 - j**2 - 6. Let r be g(-7). Suppose 40 - r = 3*i. What is the units digit of i?
3
Let n(x) = 30*x. Let f be n(6). Suppose f - 15 = 5*l. What is the units digit of l?
3
Suppose 49 = 4*r + 17. Suppose -r = -b + 2. What is the tens digit of b?
1
What is the tens digit of 0 + (-776)/(-10) - 9/15?
7
Let k(u) = 7*u. Let a(i) = 8*i - 1. Suppose 3*f + f - 28 = 0. Let l(v) = f*k(v) - 6*a(v). What is the units digit of l(0)?
6
Suppose -5*a = -0*a - 30. Let p(x) = -x**3 + 5*x**2 + 6*x + 3. Let c be p(a). What is the tens digit of ((-6)/c)/((-6)/39)?
1
Suppose 17 = 4*s + 41. Let l(r) = 1 + 7 + 7*r + r**2 + 1. What is the units digit of l(s)?
3
Let u = -175 + 313. What is the hundreds digit of u?
1
Let k be (-6)/(-12) - (-77)/2. Let j = k + -20. What is the units digit of j?
9
Let z(c) = -c**3 + c**2 + 4. Let w(l) = -l**2. Let t be w(0). What is the units digit of z(t)?
4
Suppose 0 = -6*x + 2*x + 5*d - 6, 5*x + 4*d + 28 = 0. What is the units digit of (-18)/x + 6/(-4)?
3
Suppose 0 = -5*j - 3*w - 342, -3*w = -2*j + 3*j + 78. What is the units digit of (-2 + j/9)*-3?
8
Suppose 5*x - 2*a = 581, 6*a + 109 = x + 2*a. Suppose 5*f = -2 + x. What is the units digit of f?
3
Suppose -3*t = -5*t + 40. Let w = -10 + t. What is the units digit of w?
0
Let f(g) = -11*g. Let d be f(-1). Suppose 0 = -0*z + z - d. What is the units digit of z?
1
Suppose 47 + 67 = 3*j. Suppose m + 2*m = 3*t - 69, m + 2*t = -35. Let q = m + j. What is the units digit of q?
1
Let m(o) = -33 + 14 + 6*o + 14. What is the units digit of m(4)?
9
Suppose -5*p = 3*x + 3 + 12, 3*x = p - 15. Let w = 6 - x. What is the tens digit of w?
1
Let s(z) be the first derivative of -3*z**2/2 + 2. Let x be s(1). Let i = x + 13. What is the units digit of i?
0
Let u(n) = 12*n**3 - n**2 - 5*n - 3. What is the hundreds digit of u(3)?
2
Suppose 0 = -j + 2 + 1. Suppose 3*z + 21 = 5*x, 4*x + 2*z - 11 + j = 0. What is the units digit of x?
3
Suppose -2*s + 24 + 2 = -b, -2*s + 2*b + 28 = 0. What is the tens digit of 18/s + 75/2?
3
Let t = -5 + -20. Let x = 5 - t. What is the units digit of x?
0
Let d(k) = 2*k**2 - k + 1. Let n be d(5). Suppose n = 3*z - 5. Suppose 4*f + 13 = 5*i, -f + i - z = -3*i. What is the units digit of f?
3
Suppose -115 = -5*h + 3*k, -5*h + 96 = k - 19. Suppose 2*j - 25 - h = 0. What is the tens digit of j?
2
Let p = 32 - 14. Let z = -11 + p. Suppose i = u + 6, -2*i - 3*u + 4*u + z = 0. What is the units digit of i?
1
Let y be -2 + -4 + 14 - -2. Let d = y + 4. What is the tens digit of d?
1
Let q be 7/((-7)/158)*-1. Suppose 4*s - q + 50 = 0. Suppose -2*r = 9 - s. What is the units digit of r?
9
What is the tens digit of ((-1150)/(-75))/(1/6)?
9
Let y(x) = -x**2 - 11*x - 2. Let a be y(-5). Suppose 8*m - a = 4*m. What is the units digit of m?
7
Let s be (-4 - -1)/6*10. Let w(k) = -k - 6 + 2 + 1. What is the units digit of w(s)?
2
Let c = 8 - 8. What is the units digit of (-1 - -3) + -1 + c?
1
Let z(f) = -f**2 - f. Let k be z(-1). Let d be 2/(-4) - (-175)/10. Suppose 4*g - d - 3 = k. What is the units digit of g?
5
Let q(y) = 16*y**2 - y - 1. What is the tens digit of q(2)?
6
Let f(m) be the third derivative of -m**5/60 - m**4/3 - m**3 - m**2. Let s be ((-4)/3)/(12/54). What is the units digit of f(s)?
6
Let t(m) = m**3 + 34*m**2 - 42*m - 50. What is the units digit of t(-35)?
5
Suppose -o + 5 = 4*c, 2*o - 14 = 5*c - 4. Let q(k) = -k**3 - 3*k**2 + 6*k. Let v be q(-5). Suppose c*w - v = -w. What is the units digit of w?
0
Suppose 12 = -4*z, 5*z + 321 = 3*p - 246. What is the hundreds digit of p?
1
Let l be 1/2 + (-18)/(-4). Suppose -5*h + 15 = 0, -5*h + l + 80 = 5*p. What is the units digit of p?
4
Suppose 0 = j - 4*j - 18. Let t be 2/3 + (-32)/j. Let a = t - 3. What is the units digit of a?
3
Let v(f) = 3*f - 6. Let k be v(4). Let r(s) = 2*s**3 + 6*s - 7*s**2 + 6 + 3*s**3 - 4*s**3. What is the units digit of r(k)?
6
Let c(w) = w**3 - 5*w**2 - 6*w + 5. Let q be c(6). Suppose -2*u + 5*u - 4*l + 15 = 0, 0 = 5*u + q*l - 10. What is the units digit of (-38)/(-10) + u/(-5)?
4
Let u(z) = -12*z + 18. What is the units digit of u(-11)?
0
Let h = -46 + 71. Suppose -2*x + h = -51. Suppose r + 20 = 5*r - 4*v, x = 2*r + 5*v. What is the units digit of r?
9
Let d = 406 + -150. What is the units digit of d?
6
Let a(x) = -x**3 + 4*x**2 + 7*x + 2. Let p be a(5). Let z = -8 + 13. Suppose -3 = -z*c + p. What is the units digit of c?
3
Let g(a) = -a**3 + 8*a**2 - a. Let r be g(4). Suppose -5*c + 0*c = -r. What is the units digit of c?
2
Let u = 4 - 11. Let l(x) = -x - 5. What is the units digit of l(u)?
2
Let t(p) = -p**3 - p**2 + 3*p + 1. What is the units digit of t(-3)?
0
Let s(x) = -24*x + 4. What is the units digit of s(-1)?
8
Suppose -2*h + 4*h + 2*z = -2, -h = -z - 9. Let u = -1 - -5. What is the units digit of (2/h + 2)*u?
0
Let x(m) = m**2 + 9*m + 30. What is the tens digit of x(-9)?
3
Let m = -8 + 20. Suppose -4*o - 4 = -m. What is the units digit of o?
2
Suppose -2*q + 9 = 1. Suppose 2*f + 3*f + 2*d - 23 = 0, d - 19 = -q*f. Suppose 3*c + 19 = -f*n, -4*c = -4*n + 19 - 47. What is the units digit of c?
2
Suppose -2*d = -122 - 280. What is the units digit of d?
1
Suppose -7*d + 3*d + 84 = 0. Suppose -d - 7 = -r. What is the units digit of r?
8
Suppose -2*h + 10 = 2*f, 13 = 5*h + 3. Let t be (-2)/12 + (-9590)/(-84). Suppose f*p - t + 39 = -3*q, -3*q = -p + 5. What is the tens digit of p?
2
Let l be (-2)/(-8) + 126/8. Let q = 9 + l. What is the tens digit of q?
2
Let c(m) = m**3 + 11*m**2 + m + 17. What is the tens digit of c(-10)?
0
Suppose 2 = f - 2. Let w = f + 1. What is the units digit of w?
5
Suppose 5*j - 21 = 3*z + 4*j, 5*j = 4*z + 39. Let y be 2 + (-2)/z*3. Suppose -3*u + 20 = -u - 2*v, 3*u + y*v = 0. What is the units digit of u?
5
Suppose 2*c - 66 = -c. Let o be ((-5)/(-10))/((-3)/(-6)) - -15. Let y = c - o. What is the units digit of y?
6
Let n = -28 + 59. What is the tens digit of n?
3
Let u(o) = -6*o**3. Let i be u(1). What is the units digit of (12/8)/(i/(-100))?
5
Suppose 0 = 9*n - 1893 - 1716. What is the hundreds digit of n?
4
Let h be (-2)/(-9) + (-16)/(-9). Suppose -5*p + 3*v = v - 4, -h*p = 3*v + 6. Suppose c - k - 26 = p, -8 - 24 = -2*c - 3*k. What is the units digit of c?
2
Suppose 0 = 2*t - g - 106, 3*g = 2*t + 2*t - 208. What is the tens digit of t?
5
Let h be (10/(-4))/1*-2. Suppose -3 + 68 = -h*w. Let m = w + 24. What is the tens digit of m?
1
Let n be (-3 + 4)*36/(-2). What is the tens digit of (-328)/n + 6/(-27)?
1
Suppose 2*x = -5*r + 2*r + 95, -2*x = -r - 91. Suppose -4*o = -0*o + 8, 0 = -2*j + 5*o + x. What is the tens digit of j?
1
Let d(k) = k**3 + k**2 + 1. Let r be d(-1). Let q = r - 0. What is the units digit of q?
1
Let r be 15 + (-1 - -2) + 0. Suppose -r = -x - 0*x. What is the units digit of x?
6
Let v(h) = -2*h + 6. Let d = 2 + -7. What is the tens digit of v(d)?
1
Let s be (-26)/(-4) + (-2)/4. Let l(z) = -z**2 - 2 - z + 0 + 8*z. What is the units digit of l(s)?
4
Let i be (12/(-16))/(1/12). Let u be (-1 - 2)*6/i. Suppose u*k - 4 = 4. What is the units digit of k?
4
Let b(i) be the second derivative of -1/3*i**3 + 1/12*i**4 - 2*i + 